{"id":662,"date":"2025-03-23T19:20:42","date_gmt":"2025-03-23T19:20:42","guid":{"rendered":"https:\/\/madrivedacoes.com.br\/?post_type=product&#038;p=662"},"modified":"2025-05-12T20:13:37","modified_gmt":"2025-05-12T20:13:37","slug":"diafragma-3","status":"publish","type":"product","link":"https:\/\/madrivedacoes.com.br\/?product=diafragma-3","title":{"rendered":"Diafragma"},"content":{"rendered":"<p>A Madri oferece diafragmas moldados de borracha, membranas de borracha, diafragmas rolantes, diafragmas de borracha cortados com v\u00e1rios tipos de refor\u00e7o em todos os graus de borrachas sint\u00e9ticas.<\/p>\n<p>Nossos diafragmas s\u00e3o adequados para:<br \/>\n\u2022 Bombas de polpa<br \/>\n\u2022 Bombas Dosadoras<br \/>\n\u2022 Bombas de alta press\u00e3o operadas por diafragma duplo<br \/>\n\u2022 Atuadores e v\u00e1lvulas de controle<br \/>\n\u2022 V\u00e1lvulas Solen\u00f3ides<br \/>\n\u2022 V\u00e1lvulas de pulso<br \/>\n\u2022 Reguladores de g\u00e1s<br \/>\n\u2022 V\u00e1lvulas de \u00e2ngulo<br \/>\n\u2022 V\u00e1lvulas de filtro de salmoura<br \/>\n\u2022 Coletores de p\u00f3<br \/>\n\u2022 Bombas de pulveriza\u00e7\u00e3o<br \/>\n\u2022 Compressores etc.<\/p>\n<p>Nossos tamanhos variam de 12 mm a 900 mm de di\u00e2metro, em diversos formatos, conforme a necessidade do cliente. Nossos diafragmas foram testados em press\u00f5es de trabalho de at\u00e9 25 kg\/cm\u00b2 e operados em at\u00e9 um milh\u00e3o de ciclos de flex\u00e3o.<\/p>\n<p>Nossa especialidade \u00e9 projetar, desenvolver e prototipar diafragmas de borracha de acordo com suas necessidades\/condi\u00e7\u00f5es de servi\u00e7o espec\u00edficas.<\/p>\n<p>Os tipos de borracha utilizados para diferentes aplica\u00e7\u00f5es s\u00e3o cloropreno (neoprene), NBR (nitr\u00edlica), EPDM, butil, hipalon, silicone e viton. Esses diafragmas s\u00e3o refor\u00e7ados adequadamente, de acordo com o servi\u00e7o e a necessidade do cliente, com lona de algod\u00e3o, fibra de nylon, poli\u00e9ster, malha met\u00e1lica, fibra de vidro, corda de pneu, etc.<\/p>\n<p>Os graus de borracha s\u00e3o oferecidos em rela\u00e7\u00e3o a v\u00e1rios servi\u00e7os, ou seja, \u00e1gua quente, vapor, gases de baixa permea\u00e7\u00e3o, resist\u00eancia ao oz\u00f4nio, resist\u00eancia a \u00f3leo e combust\u00edvel, aplica\u00e7\u00f5es criog\u00eanicas, etc. Consulte nossa tabela de resist\u00eancia a servi\u00e7os qu\u00edmicos, bem como nossa tabela de pol\u00edmeros de uso geral para orienta\u00e7\u00e3o.<\/p>\n","protected":false},"excerpt":{"rendered":"<p>Madri Veda\u00e7\u00f5es<br \/>\nFa\u00e7a sua encomenda<\/p>\n","protected":false},"featured_media":1120,"template":"","meta":{"_themeisle_gutenberg_block_has_review":false,"_joinchat":[]},"product_cat":[26],"product_tag":[],"class_list":{"0":"post-662","1":"product","2":"type-product","3":"status-publish","4":"has-post-thumbnail","6":"product_cat-diafragmas","8":"first","9":"instock","10":"shipping-taxable","11":"product-type-simple"},"_links":{"self":[{"href":"https:\/\/madrivedacoes.com.br\/index.php?rest_route=\/wp\/v2\/product\/662","targetHints":{"allow":["GET"]}}],"collection":[{"href":"https:\/\/madrivedacoes.com.br\/index.php?rest_route=\/wp\/v2\/product"}],"about":[{"href":"https:\/\/madrivedacoes.com.br\/index.php?rest_route=\/wp\/v2\/types\/product"}],"version-history":[{"count":2,"href":"https:\/\/madrivedacoes.com.br\/index.php?rest_route=\/wp\/v2\/product\/662\/revisions"}],"predecessor-version":[{"id":1107,"href":"https:\/\/madrivedacoes.com.br\/index.php?rest_route=\/wp\/v2\/product\/662\/revisions\/1107"}],"wp:featuredmedia":[{"embeddable":true,"href":"https:\/\/madrivedacoes.com.br\/index.php?rest_route=\/wp\/v2\/media\/1120"}],"wp:attachment":[{"href":"https:\/\/madrivedacoes.com.br\/index.php?rest_route=%2Fwp%2Fv2%2Fmedia&parent=662"}],"wp:term":[{"taxonomy":"product_cat","embeddable":true,"href":"https:\/\/madrivedacoes.com.br\/index.php?rest_route=%2Fwp%2Fv2%2Fproduct_cat&post=662"},{"taxonomy":"product_tag","embeddable":true,"href":"https:\/\/madrivedacoes.com.br\/index.php?rest_route=%2Fwp%2Fv2%2Fproduct_tag&post=662"}],"curies":[{"name":"wp","href":"https:\/\/api.w.org\/{rel}","templated":true}]}}